 What is the tens digit of y?
5
Suppose -4*g - 4*f - 156 = 0, 5*f - 204 = 5*g - 9. What is the tens digit of 0/(-4) - -6 - g?
4
Let y be (42 + -1)/((-1)/(10 + 1)). Let v = 557 + y. What is the tens digit of v?
0
Suppose -9*p - 2*p + 2750 = 0. Suppose p + 491 = 19*k. What is the tens digit of k?
3
Let d(i) = 31*i**2 - 13*i**2 - 17*i**2 + 92 - 364 - 26*i. What is the hundreds digit of d(48)?
7
Let u = 47 - 50. Let z be 7/((-70)/584)*(-2 + u). Suppose -9*l + 1228 - z = 0. What is the units digit of l?
4
Let b = -718 - -718. Suppose b = 25*s - 28031 - 519. What is the hundreds digit of s?
1
Suppose -28921 = -2*r - 7*h, 5*r = -25*h + 27*h + 72322. What is the units digit of r?
4
Suppose 4*a + 2*z = 22, -2*z + 33 = 5*a + 7. Suppose n = -3*k + 1666, a*k + 537 = 5*k + 4*n. What is the units digit of k?
7
Let b(i) = 5669*i - 240. What is the hundreds digit of b(1)?
4
Let r be (-12)/(2/(-8)*(-36)/66). Let g = r - -323. What is the tens digit of g?
3
Let k(z) = 839*z**3 - 2*z**2 - 12*z + 36. What is the ten thousands digit of k(3)?
2
Let x(q) = 2*q**2 - 2*q - 52. Suppose -7*l = -9*l. Let y be x(l). Let b = 3 - y. What is the tens digit of b?
5
Suppose 2*p + 627*a - 624*a - 11908 = 0, -5*a - 11876 = -2*p. What is the tens digit of p?
4
Suppose 5*k - 102 - 58 = 0. Suppose 3*y + k = 5*z, 9*y = 4*z + 4*y - 36. Suppose 0 = -2*p - z*p + 1182. What is the tens digit of p?
9
Let x = 21271 - 3329. What is the hundreds digit of x?
9
Suppose -3*b + 9*b - 24 = 0. Suppose -p + 4*g - 17 = -0*g, 5*p + b*g = 35. What is the units digit of (-33)/p*(0 - 1)?
1
What is the ten thousands digit of (-8)/12*(1 - -2)*(-26301)/2?
2
Let y = -14 - -17. Suppose -25 = 2*d - 5*i, y*d + 10 = -2*d + 2*i. Suppose -4*b + 2*k + 85 = b, -k = d. What is the units digit of b?
7
Suppose 100 = 2*s + 3*s. Let b = -19 + s. Suppose 4*l - 249 = -b. What is the units digit of l?
2
Suppose -4*q - 7677 + 2317 = -4*x, -4*q = 3*x - 4055. Suppose 4*n - x = t, 9*t = -n + 7*t + 343. What is the units digit of n?
7
Let d = -482 + 489. Suppose -8 = o + 3*o. Let q = d + o. What is the units digit of q?
5
What is the tens digit of ((-8478)/90)/(3/(-190))?
6
Let m(j) = 1163*j**3 - 6*j**2 - 7*j + 42. What is the units digit of m(2)?
8
Suppose 1068 = -118*u + 134*u - 6948. What is the units digit of u?
1
Suppose -2*h = -5*p + 56157, 56154 = 5*p + 51*h - 50*h. What is the ten thousands digit of p?
1
Let f = -12 - -13. Suppose 5*l - 2544 = -7*l. What is the units digit of l/2 + (-2)/f?
4
Suppose 218*s - 215*s = 65337. What is the tens digit of s?
7
Suppose 1749 = -29*u + 1651646. What is the ten thousands digit of u?
5
Suppose -9 = -1507*f + 1504*f. Let i = 64 - -141. Suppose -f*l = -i - 389. What is the tens digit of l?
9
Let m(f) = -5*f**2 + 5*f + 4. Let l be m(9). Let q be 3*(-3 + l/12). Let y = -63 - q. What is the units digit of y?
5
What is the tens digit of -14 + 9 - 4 - -8717?
0
Suppose r = 3*x + 138 - 336, -5*x = -2*r - 330. Suppose -z = 2*y - 131, x = -5*z + y + 688. Let p = z - -14. What is the tens digit of p?
3
Let g(q) = 492*q**2 + 378*q - 16. What is the units digit of g(-6)?
8
Let w = 154 + -154. Suppose p = -3*q + 3057, -q + 3*p = -w*q - 1019. What is the units digit of q?
9
Suppose -2354 = 4*u - 7*u + q, 4*u - 3*q = 3132. Suppose 24*h = 30*h - u. What is the units digit of h?
1
Suppose c = -12*c + 17459. What is the thousands digit of c?
1
Let q = 54 - 54. Suppose q*i + 4*w = -i + 399, 424 = i - w. What is the hundreds digit of i?
4
Suppose -4*b = 21 - 49. Let c(h) = 8*h + 61. What is the tens digit of c(b)?
1
Let w be 0/(2 + -1 + 0). Suppose w = 2*d + 2*k + 10, -25 = -3*d + d + 5*k. What is the units digit of -1*(-1 + d)*(45 + -2)?
3
Suppose 7998 = 5*s + 4*v, -8*s - 7992 = -13*s - v. What is the thousands digit of s?
1
What is the tens digit of 2/5 + (-14 - (-507754)/65)?
9
Suppose -5*h + 36 - 1445 = -l, 1413 = -5*h + 2*l. Let n = h + 363. What is the units digit of n?
2
Suppose 13*i = -t + 8*i - 21, 0 = -4*t - 3*i + 1. Suppose -3*h - 2*h = -5*w + 2120, t*w - h - 1702 = 0. What is the hundreds digit of w?
4
What is the tens digit of (((-469)/28)/(-1) + -5)/((-3)/(-2244))?
8
What is the ten thousands digit of 4/(-26) - (-14 - -9 - (-2444142)/(-78))?
3
Let j = -68 - -70. Let g = 156 - 60. What is the units digit of ((-12)/(-16))/(j/g)?
6
What is the thousands digit of (-284484)/54*(-45)/5?
7
Suppose -3*l = 2*j - 202396, 8*j - 269888 = -9*l + 5*l. What is the tens digit of l?
6
Suppose 3*q = -15, 2*d - 328 = 4*q + 158. Suppose d = z - 540. What is the tens digit of z?
7
Let b(k) = -k**2 - k - 4. Let p(s) = 16*s**2 - s - 10. Let w(x) = -2*b(x) + p(x). What is the hundreds digit of w(-9)?
4
Let d(g) = 5*g. Let w be d(-3). Let z be (1 - -1)*1017/(-226). What is the hundreds digit of (-2020)/w*z/(-6)?
2
Let p = -1490 - -2650. Suppose -18*a = -14*a - p. What is the tens digit of a?
9
Suppose 12*k = 10*k + 24. Suppose 4*y = k - 8. Let i = 68 - y. What is the units digit of i?
7
Let c(j) = 4*j**2 - 22*j + 8389. What is the units digit of c(72)?
1
Suppose -2*v - 5*l + 1 = 0, -2*v + 5*v + 3*l = -3. What is the units digit of (138 - (-1 - (-2)/v)) + 1?
1
Let j = -2085 - -6777. Suppose -107*i = -95*i - j. What is the tens digit of i?
9
Suppose 0*a = 4*a - 4020. Let l be (1 - 6/9)*a. Let j = 494 - l. What is the hundreds digit of j?
1
Let r be (-1542)/(-15) + (-16)/20. Let h = r - -329. What is the units digit of h?
1
Suppose 19*v = 25*v - 24. Suppose 32 = 4*p + 5*r - 19, -4*p + v*r + 60 = 0. What is the units digit of p?
4
Suppose 20035 = -4*h + 5*i + 86342, -5*h + 82931 = -i. What is the thousands digit of h?
6
Let u = 2321 - 1607. Suppose -u = 7*v - 8*v. What is the units digit of v?
4
What is the hundreds digit of (-3 + (-63)/(-18))*(145645 + 35/5)?
8
Let n be (-34)/(-51)*(-279)/1. Let h = n + 234. What is the tens digit of h?
4
Suppose -4*b + 11 = 3*p - 24, -3*b - 39 = -5*p. What is the units digit of (-3622)/(-4) + ((-9)/2)/p?
5
Suppose 4*g + 228 = 3*q, q = 4*g - 5*g + 83. Let z be (q/28)/(8/28). Let u = z - -27. What is the tens digit of u?
3
Suppose -12*n - 23*n = 0. Suppose -s - 4 = 5*m - 2*s, -4*s + 16 = 0. Suppose n = 2*p - m*p - 362. What is the units digit of p?
1
Suppose -94*s - 32552 = -5*s - 406441. What is the tens digit of s?
0
Suppose -2*q - 3*j - 6514 = -4*q, -4*q + 5*j + 13028 = 0. What is the units digit of q?
7
What is the thousands digit of 4920 + 5/(50/(-30))?
4
Let d be -35*2*1/(-7). Let b(c) = -c**2 + 11*c - 10. Let t be b(d). Suppose -v = -3*j - t*v + 242, v - 163 = -2*j. What is the units digit of j?
1
Suppose -4*x = 4, 7344 = 2*k - 3*x - 41. What is the units digit of k?
1
Suppose -8*n - 18 = -58. Suppose n*f = -3*p + 40, 11 = -p + 2*p + 4*f. Let b = -1 + p. What is the units digit of b?
4
Let s = 4358 - -1060. What is the units digit of s?
8
Suppose 314*y = 322*y - 16. Suppose -y*a + p = -131, -10 = -5*p + 5. What is the units digit of a?
7
Let n(g) = -g**3 + g**2 + 1. Let m(w) = 6*w + 11 + 3*w - 3*w**3 - 5*w**2 - 4*w. Let p(c) = -m(c) + 2*n(c). What is the tens digit of p(-7)?
2
Let f = -2278 + 8305. What is the units digit of f?
7
Suppose -31*t + 27*t + 8 = 0. What is the units digit of 3 + 367 + (-14)/t?
3
Suppose 5*f = -2*n + 14, -4*f - 16 = 3*n - 30. Suppose 5*o + 355 = 10*o + f*g, -5*o = g - 350. What is the units digit of o?
9
What is the units digit of -6*3/(-153) - (-10112050)/221?
6
Let r(x) = -1294*x + 2203. What is the units digit of r(-5)?
3
Let o = -55 - -59. Let z(k) = -k**3 + 7*k**2 - 11*k - 1. Let r be z(o). Suppose 11*b - 696 = r*b. What is the tens digit of b?
8
Suppose -140 = 2*d + 4*p, -4 = -4*p - 0. Let z = d - -192. What is the units digit of z?
0
What is the ten thousands digit of (((-227)/681)/(2/(-256)))/((-4)/(-1554))?
1
Let a(q) = -11*q**3 - 188*q**2 + 17*q - 133. What is the ten thousands digit of a(-25)?
5
Suppose -7*y = -3*y - 2*n + 702, 3*n = y + 178. Let q = 1319 - y. What is the hundreds digit of -3 + (q/27)/((-1)/(-3))?
1
Suppose -1386 = -12*m + 3*m. Suppose m*i = 156*i - 680. What is the hundreds digit of i?
3
Suppose -7*f + 2*f = 3*r - 5887, -3*f + 3*r + 3513 = 0. Let p = -580 + f. What is the tens digit of p?
9
Let i(q) = -q**2 - 11*q + 29. Let k be i(2). Suppose 4*l = -4*b + 952, 90 = -5*b + k*l + 1288. What is the tens digit of b?
3
Sup